12
Let h(s) = -71*s - 1. Suppose -27*u = -1228 + 931. What is the remainder when h(-2) is divided by u?
9
Suppose -3*s = n - 30, -2*s + 95 + 9 = 3*n. What is the remainder when 61 is divided by n?
25
Let f = -13 + 13. Suppose 0 = z + 2*x + 2, f = z + 4*x + 9 + 3. Calculate the remainder when 28 is divided by z.
4
Let u(o) be the third derivative of o**5/30 - o**4/12 + 2*o**2. What is the remainder when 44*((-12)/(-16) + (-2)/(-8)) is divided by u(3)?
8
Let l be 325/26 + 3/(-2). Suppose 6*a - 7 - l = 0. What is the remainder when 4 is divided by a?
1
Let q = 742 + -654. Suppose -b + 36 = o + 2*b, -2*o + 68 = 4*b. What is the remainder when q is divided by o?
28
Suppose -3*a = -s - 4*s + 20, s - 5*a - 4 = 0. Suppose -s*h - 99 = 2*l - 7*l, 77 = 4*l - h. Calculate the remainder when 74 is divided by l.
17
Let z(c) = -c**2 + 11*c + 13. What is the remainder when z(11) is divided by (48/(-10) + 19/(-95))*-1?
3
Let h = -17 - -24. Let x(a) = 8*a + 2. Let b(k) = k. Let l(o) = 14*b(o) - 2*x(o). Calculate the remainder when l(-8) is divided by h.
5
Let h = -902 + 1725. Suppose 3*l + 2*l - a = h, 0 = a - 2. What is the remainder when l is divided by 42?
39
Let h(t) = -t**3 + 11*t**2 - 10*t + 12. What is the remainder when 23 is divided by h(10)?
11
Let i(s) = 11*s - 61. Let m be i(6). Suppose 4*h + 4*u = 36, -3*h + m*u = -6 - 21. What is the remainder when 25 is divided by h?
7
Calculate the remainder when 53 is divided by -1*(-18 - (2 + -6)).
11
Let s(o) = -o**3 - 5*o**2 - 5*o. Suppose 0 = 2*k - 0*p + p - 3, -5*p = 25. Let i(h) = h**2 - h - 1. What is the remainder when i(k) is divided by s(-4)?
3
Let g be (-3 - 14/(-2))/(-2). Let t = g + 47. Calculate the remainder when 87 is divided by t.
42
Let q = 21 - 19. Let k = -27 - -63. Calculate the remainder when k + (-1 + 4 - q) is divided by 13.
11
Suppose -3*t + 9 = -0*t. Suppose -t*v + 3*w = 0, 0*v = -v + 2*w - 5. Calculate the remainder when 9 is divided by v.
4
Let r(w) = w**3 + 7*w**2 - 3*w + 6. Let n be r(-7). Suppose 4*m = -n + 83. Calculate the remainder when 53 is divided by m.
11
Let m be -5 + 133 - (7 + -3). Suppose 68*r + m = 72*r. What is the remainder when r is divided by 19?
12
Let b(p) = -17*p + 304. What is the remainder when b(8) is divided by 16?
8
Suppose -177 = -6*k + 129. Calculate the remainder when k + -1 + 0 + -7 + 11 is divided by 11.
10
Let c be (-4 - -6)/((-6)/(-9)). Suppose c*d - 11*d = -248. Calculate the remainder when 60 is divided by d.
29
Let w be (8/(-10))/(16/(-6680)). Suppose b = -3*i + 78, -w = -4*b + 4*i - 102. What is the remainder when b is divided by (-20)/3*12/(-5)?
15
Let o(q) = 2*q**3 + 7*q**2 + 7*q + 7. Let l be o(-5). Let k = l + 148. Calculate the remainder when k is divided by (172/(-301))/((-1)/28).
13
Let w = 1144 + -1115. Suppose 55 = m - 0*m. What is the remainder when m is divided by w?
26
Let d(r) = -10*r + 18*r + 16 - 12*r + 2. What is the remainder when d(-6) is divided by 12?
6
Let w(v) = -v**2 + 43*v + 336. Calculate the remainder when 139 is divided by w(49).
13
Let r be -3 + 95/5*-2. Let o = -26 - r. Calculate the remainder when 6/4*200/12 is divided by o.
10
Let h be 38/8 + (-2)/(-8). Suppose 5*b - h*c = -40, 3*b = c - 22 + 8. Let t = b + 17. Calculate the remainder when 53 is divided by t.
11
Let z(p) = 7*p**2 + 10*p - 95. Calculate the remainder when z(6) is divided by 11.
8
What is the remainder when 586 is divided by (-24)/16 - (-159)/6?
11
Suppose -a + 2 = h, 3*h - 1 = a + 5. Let g(f) = -f**2 - 2*f + 5. Calculate the remainder when g(a) is divided by 3.
2
Let x = -10 - -5. What is the remainder when 18/(-4)*1480/(-222) is divided by ((-4)/x)/((-2)/(-40))?
14
Let k(x) = -x**2 - 26*x + 6. What is the remainder when 286 is divided by k(-26)?
4
Let q = 90 + -93. Let g(u) = -9*u - 23. Let r(n) = -14*n**3 - 2*n**2 - n. Calculate the remainder when r(-1) is divided by g(q).
1
Let j(r) = -3*r**2 - 7*r + 39. Calculate the remainder when 112 is divided by j(0).
34
Let f = -22 - -40. Suppose -2*b = -0*b - f. Suppose -27*n + 11*n = -43 - 21. Calculate the remainder when b is divided by n.
1
Suppose -4*d + 2*b = -30, -b + 15 = 2*d + 2. Suppose p - 5*k + 3 = 0, -2*k + 3 = k. Calculate the remainder when d is divided by p.
1
Suppose 23*t - 132 = 213. What is the remainder when 40 is divided by t?
10
Calculate the remainder when 58 is divided by (93/(-9) - -5)*-3.
10
Let k(l) = l**3 - 13 + 4 + 2 - 3 + 7*l + 9*l**2. What is the remainder when k(-7) is divided by 8?
7
Suppose -a + 5*b + 17 = 0, a - 12 = 4*b + 3. Let d(z) be the first derivative of z**2/2 + 3*z - 5. Calculate the remainder when 29 is divided by d(a).
9
Suppose -2*v + 180 = 5*a - v, -3*a + 4*v + 85 = 0. Let o(p) = -20*p - 171. Calculate the remainder when a is divided by o(-9).
8
Suppose -a - 2*a + 6 = 0. Suppose 2*x - 4*x + 79 = 5*w, 0 = x + a*w - 40. Calculate the remainder when x is divided by (-1)/(96/33 - 3).
9
Suppose -31*b - 36 = -34*b. Suppose 4*t - 60 = c + 4*c, -5*c + 60 = 2*t. What is the remainder when t is divided by b?
8
Let m be (-30)/75 + (-734)/(-10). Let o = m - 33. Calculate the remainder when o is divided by 14.
12
Let o = 56 + -53. Suppose -7*y = -5*x - o*y + 473, 3*y + 6 = 0. Calculate the remainder when x is divided by 16.
13
Suppose -3*z - v + 16 = -13, 35 = 3*z + 4*v. Suppose 3*p = 7*p + 24. Calculate the remainder when (-36)/(((-45)/p)/(-5)) is divided by z.
6
Suppose 8*d + 147 = 291. What is the remainder when 33 is divided by d?
15
Suppose 67 + 33 = 4*u. What is the remainder when u is divided by 10?
5
Let d(i) = -5*i**2 - 244*i - 66. Let c = 108 + -76. What is the remainder when d(-48) is divided by c?
30
Suppose 0 = -2*f + f + 7. Let z = -32 - 25. Let q = z + 69. Calculate the remainder when q is divided by f.
5
Suppose 6*l - 2*b = 5*l + 21, l - 4*b = 31. What is the remainder when 284 is divided by l?
9
Suppose -2*g - 50 = -3*p, 5*g - 10 = 15. Suppose p + 0 = 4*h. Suppose -2*d - 10 = -2*u - 68, 0 = h*u. What is the remainder when d is divided by 10?
9
Let r = -1031 + 1071. Calculate the remainder when 192 is divided by r.
32
Let f(d) = d**3 - 34*d**2 + 4*d + 64. What is the remainder when f(34) is divided by 52?
44
Let r(v) = 15*v - 2. Let k be (-4)/(-3)*12/8. Suppose k*n = 5*n - 3. What is the remainder when 38 is divided by r(n)?
12
Let k(r) be the first derivative of r**2/2 + 17*r - 57. Calculate the remainder when k(-8) is divided by 2.
1
Let n(y) = 22*y - 1. Let m be n(5). Let v = m - 56. Calculate the remainder when v is divided by 11.
9
Let x(l) = -9*l - 147. Calculate the remainder when 75 is divided by x(-21).
33
Suppose -3*b - 3*u = -246, 0 = b + 2*b + u - 242. Suppose -o = -3*o + b. Let d = -10 + o. Calculate the remainder when d is divided by 11.
8
Let l = -14 - -23. Let w(a) = 5*a**2 - 6*a + 14. Let j be w(2). Suppose -112 = -4*i - 7*c + 3*c, j = i - c. Calculate the remainder when i is divided by l.
7
Let x = 1125 + -1082. Let g = 148 + -101. Let n = 70 - g. Calculate the remainder when x is divided by n.
20
Suppose -4*f = -12, 6*g - 3*g - 15 = -f. Suppose g*a - 3*m = 2*a + 123, 5*m - 175 = -3*a. Calculate the remainder when a is divided by 8*((-2)/(-2) + 1).
12
Suppose 0*v - 3*v + 447 = 0. Suppose 3*d = 8*d + 2*t - 69, 4*t = -5*d + 63. What is the remainder when v is divided by d?
14
Suppose p - 3*p = -2*j - 26, 0 = j + p + 3. What is the remainder when (-11 - j)/(3/(-34)) is divided by 6?
4
Suppose 0 = -3*l + l, a = l + 31. Let b(g) = -g**2 - 14*g - 8. Let m be b(-8). Suppose 0 = 5*r - 0*r - m. What is the remainder when a is divided by r?
7
What is the remainder when 218 is divided by (-274)/(-7) + -2 - 1/7?
33
Let t(z) = -z + 11. What is the remainder when t(-10) is divided by ((-33)/(-6))/((-2)/(-4))?
10
Let b = -30 + -78. Let h = -55 - b. Calculate the remainder when h is divided by 9.
8
Suppose -1591 = -y - 4*y + 2*v, 3*y - v = 955. What is the remainder when y is divided by 64?
63
Suppose 0 = 55*p - 60*p + 150. What is the remainder when 54 is divided by p?
24
Let m = -17 - -15. Let k(p) = -p**3 - p**2 - 2*p - 1. What is the remainder when 2*6/8*12 is divided by k(m)?
4
Suppose g = -2, -3*h + 37 = -2*g - 78. What is the remainder when 367 is divided by h?
34
Suppose -4*c + 147 = -0*h - 5*h, -2*c - h = -63. Calculate the remainder when 287